9. What is m(-6)?
1
Let s(p) = -23*p - 93. Calculate s(-3).
-24
Let k(u) = -u**3 + 8*u**2 + 9*u + 1. What is k(9)?
1
Let x(j) = 3*j + 3. Determine x(-2).
-3
Let a(r) = -r**3 + 32*r**2 + 104*r + 31. Give a(35).
-4
Let j(w) = -w**3 + 13*w**2 + 14*w - 7. What is j(14)?
-7
Let k(w) = -17*w + 3. Give k(-3).
54
Let w(s) = 22*s + 38. What is w(-2)?
-6
Let f(q) = 3*q - 15. Give f(5).
0
Let p(a) = 2*a**2 + a - 23. What is p(-4)?
5
Let h(a) = -a**3 + 8*a**2 - a + 1. Calculate h(8).
-7
Let k(m) = 4*m + 81. Calculate k(-7).
53
Let s(o) = -4*o - 7. Give s(-4).
9
Let q(s) = s**3 - 3*s**2 - 3*s - 3. What is q(4)?
1
Let a(o) = o**3 + 13*o**2 + 22*o - 5. Give a(-11).
-5
Let y(f) = -100*f**3 - f**2 + f - 1. Give y(1).
-101
Let t(z) = -39*z - 190. Calculate t(-5).
5
Let t(v) = -v**2 - 27*v + 231. Give t(-34).
-7
Let g(d) = -2*d**2 - 2*d + 39. What is g(0)?
39
Let i(z) = -z**3 - 8*z**2 + 2*z - 12. Calculate i(-6).
-96
Let v(h) = -4*h + 6. What is v(2)?
-2
Let u(l) = -l - 35. Calculate u(-5).
-30
Let j(o) = 20*o**2 - o. Give j(-1).
21
Let y(t) = -3*t + 12. Determine y(4).
0
Let s(u) = 2*u**3 + 8*u**2 + 4*u - 5. Calculate s(-5).
-75
Let l(h) = h - 9. Calculate l(4).
-5
Let r(n) = n**2 + 22*n - 30. What is r(-23)?
-7
Let q(n) = -n**2 - 6*n + 11. Give q(8).
-101
Let b(w) = w**3 - 5*w**2 - 20*w + 54. Determine b(7).
12
Let l(q) = 2*q**3 - 9*q**2 - 3*q + 5. Calculate l(5).
15
Let g(y) = y**2 - 8*y + 9. What is g(10)?
29
Let x(c) = -14*c - 32. Determine x(-3).
10
Let m(u) = -3*u**2 - 5*u + 5. What is m(2)?
-17
Let f(a) = 2*a**3 - 19*a**2 + 21*a + 19. Calculate f(8).
-5
Let f(j) = -j**3 + 12*j**2 - j - 7. Calculate f(12).
-19
Let k(b) = -b**2 + 6*b + 6. Give k(-3).
-21
Let w(n) = -n**3 - 7*n**2 - 6*n - 2. What is w(-6)?
-2
Let h(z) = -z**3 - 4*z**2 + 12*z + 37. Determine h(-5).
2
Let u(d) = d**3 - 12*d**2 + 8*d + 10. Determine u(11).
-23
Let i(h) = -h**2 + 6*h - 10. Calculate i(5).
-5
Let b(t) = t**2 + 36*t - 129. Calculate b(-39).
-12
Let z(b) = b**3 + 14*b**2 - b - 3. Calculate z(-14).
11
Let k(x) = 5*x - 46. Determine k(7).
-11
Let a(b) = -b**3 + 7*b**2 - 3*b + 10. Calculate a(7).
-11
Let z(b) = -b**2 + 7*b + 37. What is z(10)?
7
Let o(v) = 4*v**2 - 19*v. Give o(4).
-12
Let f(r) = 5*r - 76. Give f(21).
29
Let l(b) = -b**3 + 16*b**2 + 35*b + 3. What is l(18)?
-15
Let z(h) = -3*h**2 + 3*h + 27. What is z(4)?
-9
Let b(g) = 57*g - 6. Determine b(-1).
-63
Let a(u) = 2*u - 5. Determine a(7).
9
Let w(z) = -z - 8. Determine w(-4).
-4
Let s(h) = -h**2 + 2*h + 2. Calculate s(4).
-6
Let f(g) = -2*g**3 + 13*g**2 + 22*g + 5. Give f(8).
-11
Let h(m) = -m**2 - 3*m + 5. Calculate h(-4).
1
Let d(v) = 5*v + 5. What is d(-7)?
-30
Let z(x) = x**3 + 11*x**2 + 10*x - 8. Give z(-10).
-8
Let y(s) = 3*s - 84. What is y(25)?
-9
Let c(q) = q. Give c(-1).
-1
Let w(i) = 6*i**2 + 2*i - 2. What is w(-2)?
18
Let r(x) = -x**3 - 5*x**2 - 9. Give r(-4).
-25
Let g(p) = -5*p**2 + p + 3. What is g(-2)?
-19
Let d(x) = -x**3 - 9*x**2 + 6*x - 2. What is d(-9)?
-56
Let n(z) = -z**2 - 6*z + 10. Calculate n(-7).
3
Let l(x) = x - 6. Determine l(-12).
-18
Let d(m) = m**3 + 41*m**2 - 4*m - 180. Determine d(-41).
-16
Let d(x) = -6*x + 53. Calculate d(33).
-145
Let k(b) = 16*b - 1. What is k(1)?
15
Let h(q) = -q**3 - 6*q**2 - 10*q - 15. Determine h(-4).
-7
Let p(w) = -w**3 - 2*w**2 + 4*w + 1. Give p(4).
-79
Let p(i) = -i**3 + 5*i**2 + 4*i + 4. Calculate p(-4).
132
Let k(n) = 2*n - 7. Determine k(-4).
-15
Let p(q) = -q**3 - 8*q**2 + 2*q + 8. Determine p(-8).
-8
Let b(q) = -2*q**2 + 32*q - 1. Calculate b(16).
-1
Let v(s) = s**3 + 7*s**2 + 7*s + 4. Calculate v(-5).
19
Let z(g) = -g**3 - 4*g**2 - 2*g + 6. Determine z(-3).
3
Let h(s) = -2*s**2 - 17*s - 35. What is h(-4)?
1
Let t(v) = 2*v**3 - 10*v**2 + 3. Determine t(5).
3
Let c(y) = -y**3 + 3*y**2 + 3*y - 1. What is c(4)?
-5
Let x(l) = 4*l - 7. Determine x(2).
1
Let m(p) = p**2 + 10*p. Give m(-10).
0
Let n(q) = 12*q**3 - 2*q**2 + q + 2. Calculate n(-1).
-13
Let g(q) = q**3 + q**2 + 4*q + 4. Give g(0).
4
Let p(w) = -w**3 + 9*w**2 - 2*w + 13. Determine p(8).
61
Let w(n) = 2*n**3 + 3*n**2 + 3*n + 1. Determine w(-2).
-9
Let a(k) = 3*k**2 + 16*k - 66. Give a(-8).
-2
Let t(p) = 29*p - 812. What is t(28)?
0
Let h(n) = -8*n - 21. Determine h(-4).
11
Let w(k) = k**3 + 40*k**2 + 40*k + 81. Calculate w(-39).
42
Let a(n) = -2*n**2 + 4*n + 1. Give a(5).
-29
Let q(h) = 9*h**3 - 3*h + 2. Determine q(1).
8
Let p(s) = s**2 + 12*s - 100. Give p(-18).
8
Let o(a) = 6*a + 1. What is o(0)?
1
Let b(c) = c**3 + 12*c**2 + 13*c + 14. Give b(-11).
-8
Let q(k) = -21*k + 265. Determine q(12).
13
Let b(k) = -k**2 - 10*k + 14. Calculate b(2).
-10
Let c(y) = -y**3 - 5*y**2 - 3*y. What is c(-5)?
15
Let f(s) = s**2 - 9*s - 17. Calculate f(13).
35
Let a(d) = d**2 + 11*d + 11. What is a(-7)?
-17
Let g(i) = -i**3 - 5*i**2 - 7*i - 1. Determine g(-2).
1
Let q(x) = -x**3 + 9*x**2 - 12*x + 25. Determine q(8).
-7
Let d(z) = -2*z**3 - 149*z**2 - 79*z - 372. Give d(-74).
-2
Let d(b) = -2*b**3 - 3*b**2 + b + 2. Give d(-2).
4
Let j(s) = s**3 - 8*s**2 + 18*s - 9. Determine j(4).
-1
Let g(i) = -i**3 + 2*i**2 + 6*i - 7. Calculate g(3).
2
Let k(s) = 3*s. Determine k(1).
3
Let b(h) = 8*h - 1. What is b(-4)?
-33
Let o(t) = -3*t + 7. Give o(3).
-2
Let g(o) = 19*o - 349. Determine g(18).
-7
Let r(o) = o**3 - 2*o**2 - 2*o + 3. What is r(2)?
-1
Let z(v) = v**2 + 15*v + 49. Calculate z(-11).
5
Let y(k) = k**3 + 19*k**2 + 48*k - 185. Give y(-15).
-5
Let l(f) = f**3 + 2*f**2 - 4*f + 3. Give l(-3).
6
Let p(f) = -7*f**2 - 4*f - 2. Determine p(-4).
-98
Let h(a) = -a**3 - 2*a**2 + 6*a - 4. Determine h(-3).
-13
Let a(f) = f + 14. Give a(-8).
6
Let m(d) = 4*d + 47. Give m(-9).
11
Let j(a) = -4*a + 50. What is j(12)?
2
Let f(o) = 2*o - 15. Determine f(9).
3
Let o(c) = c**2 + 3*c + 1. Give o(-4).
5
Let l(r) = -6*r - 4. Give l(2).
-16
Let l(r) = r**3 - 4*r**2 - 4*r + 12. Calculate l(5).
17
Let n(w) = 5*w - 30. Give n(13).
35
Let j(n) = -n**2 + 35*n - 28. Determine j(34).
6
Let d(z) = 3*z**2 - 3*z + 1. Give d(-3).
37
Let a(f) = -f**2 - 19*f - 16. Determine a(-18).
2
Let p(r) = 4*r - 26. Calculate p(7).
2
Let x(m) = -m**3 + 17*m**2 - 2*m + 28. Give x(17).
-6
Let t(c) = c**2 + 4*c - 12. Determine t(2).
0
Let h(w) = 4*w + 19. Calculate h(-8).
-13
Let n(a) = 6*a**2 + 2*a + 1. Determine n(-2).
21
Let i(d) = d**3 - 9*d**2 + d - 3. Give i(9).
6
Let o(t) = -5*t**2 - 7*t - 4. What is o(-3)?
-28
Let r(s) = -s**2 + 7*s + 6. Give r(-4).
-38
Let z(w) = 2*w**2 - 13*w + 37. Give z(5).
22
Let n(s) = s**3 + 6*s**2 - 8*s - 8. What is n(-7)?
-1
Let v(u) = -7*u - 3. What is v(-5)?
32
Let m(z) = -z**2 + 19*z - 60. Determine m(16).
-12
Let d(v) = -8*v + 4. Calculate d(-3).
28
Let t(b) = -8*b + 3. What is t(2)?
-13
Let z(q) = -q**3 - 28*q**2 + 3*q + 91. Determine z(-28).
7
Let i(x) = x - 8. Give i(0).
-8
Let a(s) = 2*s + 18. What is a(-6)?
6
Let j(p) = p**3 + 18*p**2 + 16*p + 1. What is j(-17)?
18
Let i(m) = m**3 - 16*m**2 - 15*m - 31. What is i(17)?
3
Let v(o) = 4*o**2 - 25*o + 49. What is v(2)?
15
Let m(d) = 18*d - 72. What is m(7)?
54
Let i(l) = -l**3 - 13*l**2 + 24*l - 16. What is i(-14)?
-156
Let o(k) = -k**3 - 17*k**2 + 10*k - 143. Calculate o(-18).
1
Let a(m) = -11*m + 122. Give a(13).
-21
Let d(f) = 12*f + 52. What is d(-4)?
4
Let y(s) = 5*s**2 + 180*s + 6. What is y(-36)?
6
Let g(z) = -12*z - 31. Determine g(-9).
77
Let t(n) = n**2 + 13*n + 11. What is t(-14)?
25
Let q(h) = -h**2 - 3*h + 4. Give q(-7).
-24
Let w(c) = -2*c + 33. What is w(6)?
21
Let m(k) = -k - 23. Calculate m(-16).
-7
Let o(v) = v**3 - 9*v**2 + 9*v. What is o(8)?
8
Let m(g) = -18*g**2 - 53*g + 4. Give m(-3).
1
Let a(f) = f**3 - 4*f**2 + 3*f - 10. What is a(4)?
2
Let x(g) = g - 5. Give x(8).
3
Let d(r) = -39*r**3 - 2*r**2 - r + 2. Determine d(1).
-40
Let z(g) = -g**3 + 9*g**2 + 10*g - 8. Give z(10).
-8
Let z(j) = j**2 + 2*j - 28. Determine z(-7).
7
Let t(j) = 2*j**2 - 17*j + 16. Calculate t(13).
133
Let q(t) = 2*t**3 - 46*t**2 + t + 5. What is q(23)?
28
Let c(h) = -h**2 + 2*h + 5. What is c(-10)?
-115
Let l(y) = -y**3 + 2*y**2 + 4*y + 2. What is l(-2)?
10
Let g(y) = y**3 + 4*y**2 - 7*y - 3. Determine g(-6).
-33
Let v(q) = -q - 2. Determine v(11).
-13
Let t(y) = y - 34. What is t(31)?
-3
Let s(z) = z**3 + 17*z**2 + z + 11. Calculate s(-17).
-6
Let z(b) = -2*b**3 + 33*b**2 - 20*b + 